 30059 composite?
False
Is 1252319 a composite number?
True
Is 1783 composite?
False
Is 85231 a prime number?
False
Is 22613 composite?
False
Is 19241 composite?
True
Is 7597 composite?
True
Is 16521 a prime number?
False
Is 47563 prime?
True
Is 47597 composite?
True
Is 53087 composite?
False
Is 957295 prime?
False
Is 63463 a composite number?
False
Is 86491 prime?
True
Is 11437 a prime number?
True
Is 44947 a composite number?
True
Is 401113 a composite number?
False
Is 13073 a prime number?
False
Is 934 prime?
False
Is 4593 composite?
True
Is 13057 a composite number?
True
Is 16369 prime?
True
Is 316403 a prime number?
True
Is 13381 composite?
False
Is 19523 a composite number?
True
Is 36029 prime?
False
Is 383 composite?
False
Is 60694 a composite number?
True
Is 2733866 prime?
False
Is 1382039 a prime number?
True
Is 152499 prime?
False
Is 58933 a composite number?
True
Is 94513 a composite number?
False
Is 141409 prime?
False
Is 50497 prime?
True
Is 27131 a composite number?
True
Is 6143 a prime number?
True
Is 15859 a prime number?
True
Is 12953 prime?
True
Is 308059 a prime number?
False
Is 871 a prime number?
False
Is 28081 prime?
True
Is 22121 prime?
False
Is 3691 a prime number?
True
Is 392317 a prime number?
False
Is 93791 composite?
True
Is 461647 a prime number?
False
Is 553777 composite?
True
Is 84719 prime?
True
Is 711287 a prime number?
True
Is 321529 prime?
False
Is 11015 a prime number?
False
Is 89617 a composite number?
True
Is 699287 composite?
False
Is 146915 prime?
False
Is 8287 a prime number?
True
Is 730649 composite?
True
Is 15527 composite?
False
Is 542323 composite?
False
Is 18839 a prime number?
True
Is 4441 composite?
False
Is 84353 a prime number?
False
Is 156451 a prime number?
False
Is 6521 a prime number?
True
Is 602377 a composite number?
False
Is 4637 a prime number?
True
Is 26665 a composite number?
True
Is 210421 composite?
False
Is 13829 prime?
True
Is 6587 a prime number?
False
Is 22681 prime?
False
Is 7226 composite?
True
Is 1178077 composite?
True
Is 5969 a composite number?
True
Is 27847 a composite number?
False
Is 12895 composite?
True
Is 631 a composite number?
False
Is 14369 prime?
True
Is 14281 a composite number?
False
Is 1087 a prime number?
True
Is 3647 prime?
False
Is 105097 prime?
True
Is 583595 prime?
False
Is 11507 a composite number?
True
Is 8501 a prime number?
True
Is 835249 a composite number?
False
Is 34777 a prime number?
False
Is 90443 a prime number?
False
Is 1579 prime?
True
Is 13291 a composite number?
False
Is 21031 a composite number?
False
Is 5667 a composite number?
True
Is 590867 composite?
False
Is 48767 a composite number?
False
Is 136319 a composite number?
False
Is 6469 prime?
True
Is 111029 composite?
False
Is 138959 a prime number?
True
Is 714503 prime?
True
Is 18397 a prime number?
True
Is 98179 a composite number?
False
Is 19571 a prime number?
True
Is 877 a prime number?
True
Is 15493 prime?
True
Is 381287 composite?
False
Is 80299 a composite number?
True
Is 9505099 a composite number?
False
Is 1507591 prime?
True
Is 3543 a prime number?
False
Is 2281 composite?
False
Is 1939017 a composite number?
True
Is 20849 a prime number?
True
Is 2777 prime?
True
Is 174121 prime?
True
Is 8053 a prime number?
True
Is 4369 prime?
False
Is 14431 composite?
False
Is 154561 prime?
False
Is 4009 a composite number?
True
Is 91193 a prime number?
True
Is 56981 composite?
True
Is 15187 a composite number?
False
Is 325769 a prime number?
True
Is 8353 a composite number?
False
Is 14143 composite?
False
Is 133582 composite?
True
Is 687353 composite?
True
Is 377279 a composite number?
True
Is 741401 a composite number?
False
Is 517537 composite?
True
Is 8467 composite?
False
Is 42557 a composite number?
False
Is 5437 prime?
True
Is 819229 prime?
True
Is 58447 prime?
False
Is 787 prime?
True
Is 1153681 a prime number?
True
Is 42761 prime?
False
Is 2077 prime?
False
Is 5663 prime?
False
Is 9383 a prime number?
False
Is 489805 a prime number?
False
Is 94795 prime?
False
Is 133069 prime?
True
Is 15371 a composite number?
True
Is 70541 composite?
True
Is 283031 prime?
False
Is 3079 composite?
False
Is 245209 a prime number?
True
Is 479 composite?
False
Is 125563 a composite number?
True
Is 208021 prime?
False
Is 694 a prime number?
False
Is 123373 a prime number?
True
Is 81163 prime?
True
Is 15421 composite?
True
Is 64357 a prime number?
False
Is 11819 a composite number?
True
Is 34205 composite?
True
Is 235951 a prime number?
True
Is 52807 composite?
False
Is 65491 composite?
True
Is 1328807 a prime number?
True
Is 143137 a prime number?
True
Is 6581 composite?
False
Is 20507 a prime number?
True
Is 2039 composite?
False
Is 410027 prime?
False
Is 280693 composite?
True
Is 1543 composite?
False
Is 3799 a prime number?
False
Is 2019 a prime number?
False
Is 113803 a composite number?
True
Is 13523 a composite number?
False
Is 58213 a composite number?
True
Is 467 prime?
True
Is 581623 prime?
False
Is 8941 composite?
False
Is 14189 a prime number?
False
Is 270401 composite?
True
Is 306941 a prime number?
True
Is 10133 prime?
True
Is 532241 a composite number?
False
Is 8999 prime?
True
Is 30803 prime?
True
Is 6247 a composite number?
False
Is 102369 a prime number?
False
Is 173039 a prime number?
True
Is 412373 composite?
True
Is 104581 a composite number?
True
Is 3943 prime?
True
Is 1229 prime?
True
Is 338497 composite?
False
Is 525827 a prime number?
False
Is 523 a composite number?
False
Is 596399 composite?
False
Is 231779 a composite number?
False
Is 104269 a prime number?
False
Is 142141 a prime number?
False
Is 16921 a prime number?
True
Is 17377 prime?
True
Is 10883 prime?
True
Is 228889 composite?
True
Is 71549 prime?
True
Is 1229 composite?
False
Is 5455 a prime number?
False
Is 14969 a composite number?
False
Is 2963 composite?
False
Is 138163 prime?
True
Is 15859 a composite number?
False
Is 78811 composite?
True
Is 698111 a composite number?
False
Is 4201 a prime number?
True
Is 106247 prime?
False
Is 354953 prime?
True
Is 81323 composite?
True
Is 197177 a composite number?
True
Is 154561 prime?
False
Is 586021 prime?
False
Is 12473 prime?
True
Is 25997 a composite number?
False
Is 1163755 a prime number?
False
Is 1631015 a prime number?
False
Is 302317 prime?
True
Is 65643 a composite number?
True
Is 2141431 composite?
True
Is 122363 composite?
False
Is 12449 a composite number?
True
Is 363959 a composite number?
False
Is 47191 composite?
True
Is 44947 a prime number?
False
Is 28787 a prime number?
False
Is 127 prime?
True
Is 5567 prime?
False
Is 299 composite?
True
Is 264697 a composite number?
False
Is 5647 a composite number?
False
Is 5042 a composite number?
True
Is 23717 prime?
False
Is 67 a composite number?
False
Is 633 a prime number?
False
Is 3442 a prime number?
False
Is 109569 prime?
False
Is 17663 prime?
False
Is 1866437 composite?
False
Is 14107 composite?
False
Is 64102 a composite number?
True
Is 142369 a composite number?
False
Is 32083 a composite number?
False
Is 808417 a composite number?
False
Is 1608883 prime?
True
Is 231479 a prime number?
True
Is 444739 composite?
False
Is 122579 composite?
False
Is 445 prime?
False
Is 30903 composite?
True
Is 47738 a composite number?
True
Is 7591 prime?
True
Is 763 composite?
True
Is 15731 a prime number?
True
Is 11734 a composite number?
True
Is 29251 prime?
True
Is 20261 prime?
True
Is 26017 a composite number?
False
Is 41267 composite?
True
Is 68879 prime?
True
Is 25257 composite?
True
Is 46318 composite?
True
Is 19517 a composite number?
True
Is 1006847 prime?
True
Is 281587 a composite number?
True
Is 346627 composite?
False
Is 38447 a composite number?
False
Is 2099 prime?
True
Is 7963 a composite number?
False
Is 16181 a composite number?
True
Is 1382939 a composite number?
False
Is 158071 a composite number?
False
Is 75311 prime?
False
Is 411 composite?
True
Is 1847 a composite number?
False
Is 6074 prime?
False
Is 32491 composite?
False
Is 229186 prime?
False
Is 6313 prime?
False
Is 707321 prime?
True
Is 116579 prime?
True
Is 557 a composite number?
False
Is 1287259 composite?
True
Is 126101 prime?
False
Is 2174 a composite number?
True
Is 15545 a prime number?
False
Is 12197 a prime number?
True
Is 186891 compo